f t(d)?
5
Let t = -160 + 169. What is the units digit of t?
9
Let r(q) = -5*q - 23. Let u be r(-9). Let p(a) = a**3 - 21*a**2 - 20*a + 52. What is the tens digit of p(u)?
9
Suppose -42*u + 38*u = -1736. Let o = u + -185. What is the tens digit of o?
4
Let v = -1847 + 2598. What is the tens digit of v?
5
Let p be -1*(48 - -1) + 2. Let z = -124 + 193. Let q = z + p. What is the tens digit of q?
2
Suppose 4330 = 14*n - 1396. What is the units digit of n?
9
Suppose d = -2*y - 5, 2*y + 20 = -3*y - d. Suppose 50 = 9*z - 13. Let k = z + y. What is the units digit of k?
2
Let c(q) = 47*q**2 + 7*q. What is the tens digit of c(7)?
5
Let z(s) = 31*s + 18. Let y(t) = 31*t + 17. Let d(g) = 3*y(g) - 2*z(g). What is the hundreds digit of d(4)?
1
Let k = 12 - -5. Let c = -17 + k. Suppose c = 3*x - x - 6. What is the units digit of x?
3
Suppose 5*n - 3 = 7, -n + 248 = 2*x. What is the hundreds digit of x?
1
Let a(w) = w**3 + 19*w**2 + 11*w - 20. Let h be a(-18). Suppose 3*j = d + 421 + h, -4*d + 502 = 3*j. What is the tens digit of j?
7
Suppose 2*v + 0*v - 120 = 0. Let b(u) = u**2 - 27*u - 26. Let h be b(28). What is the units digit of 0 - v/(h + -5)?
0
Let u(p) = -p**2 + p + 1. Let x(y) = -7*y**2 + y + 1. Let k(h) = 6*u(h) - x(h). Let n be k(-5). Suppose 18 = f - n. What is the tens digit of f?
2
Let v = -9 + 64. What is the units digit of v + -2 - (-8 + 11)?
0
Let j(q) = -q**2 - 5*q. Let d be j(4). Let w be 22/11 - -9*7. Let u = w + d. What is the units digit of u?
9
Suppose -7*h = -653 - 187. What is the units digit of h?
0
Let x = -74 - -99. Suppose 0 = 3*d + 4*s - x - 16, 2*d - 31 = s. What is the units digit of d?
5
Let x be 0 + 509 - (-1 - 0). What is the tens digit of x/18 + (-2)/(-3)?
2
Let m = -837 + 1352. What is the hundreds digit of m?
5
Let w = -10 + 12. Suppose 9 = d + w*d. Suppose d*y = 8*y - 160. What is the tens digit of y?
3
Let r(l) be the second derivative of 5*l**4/3 - 2*l**2 + 4*l. What is the hundreds digit of r(-3)?
1
Let o(r) = -34*r**3 - r**2 - 3*r. Let d(q) = q**2 - 7*q - 15. Let i be d(9). Let v be o(i). What is the units digit of (-4)/(-6)*v/(-16)?
9
Let f(s) = -s**3 + 6*s**2 + 11*s - 10. Let u be f(7). Let m be -41*(19 + -16)*2/(-6). Let b = m - u. What is the units digit of b?
3
Let v = 137 - -140. What is the units digit of v?
7
Suppose -h = 2*h - 114. Let d = h + -18. What is the units digit of d?
0
Let s = -494 - -950. What is the hundreds digit of s?
4
Suppose 0 = -5*i + 6 - 1. Let s(j) = 10*j**2 + j - 1. Let n be s(i). Suppose 3*t - 68 = n. What is the units digit of t?
6
Suppose n + 12 = -24. Suppose -9*b = -414 - 117. Let o = n + b. What is the units digit of o?
3
Suppose 2*u - 140 = 292. What is the hundreds digit of u?
2
Let r be (-4 + 1)*51/(-9). Suppose 3*j + r = 23. Suppose -i - j = -5. What is the units digit of i?
3
Let p = -10 + 4. Let b(i) be the third derivative of -i**6/120 - i**5/10 - i**4/6 - i**3/2 + 13*i**2. What is the tens digit of b(p)?
2
Let n = -29 - -1. What is the hundreds digit of (n/12 + 2)*-381?
1
Let r be 1*-2*12/(-6). Let t = 168 + -78. Suppose r*i - 26 = t. What is the tens digit of i?
2
Suppose 16548 = 40*v - 33*v. What is the tens digit of v?
6
Suppose -m - v = -6*m + 1429, -3 = -3*v. What is the hundreds digit of m?
2
Let y = 26 + -24. Suppose 95 = y*g - 29. What is the tens digit of g?
6
What is the units digit of -4186*((-81)/(-18))/(-9)?
3
Suppose 0 = 5*q - u + 42, 6*u + 3 = q + 2*u. Let p(k) = -24*k + 7*k + 10 + 7*k - k**2 + 0*k. What is the tens digit of p(q)?
1
Let i(n) = -n**2 - 12*n + 2. Let w(s) = -2*s**2 + 2*s + 1. Let q be w(3). Let j be i(q). Let m(o) = 3*o - 18. What is the tens digit of m(j)?
2
Suppose 11 + 5 = 4*h. Suppose 0 = c - h*f - 48, -4*c + 150 = -0*c - 2*f. What is the units digit of c?
6
Let y(g) = -2*g**3 + 5*g**2 + 2*g. Let i be 22/(-8) + 9/12. What is the units digit of y(i)?
2
Let p be 0/1 - 6/(-3). Let f = 66 - 64. Suppose f*h - 132 = -p*h - 4*q, 3*q - 163 = -5*h. What is the units digit of h?
2
Let k be (3 - 9/(-4)) + 1/(-4). Suppose k*s - 245 = 225. What is the tens digit of s?
9
Let u = 29 + -29. Let s be 4/2 + (0 - -3). Suppose u = 3*x - s*x + 16. What is the units digit of x?
8
Suppose 21*j - 24*j = -63. Let t = 151 + j. What is the hundreds digit of t?
1
Suppose 6*b = 5*w + 3*b + 46, -3*w + 3*b - 24 = 0. Let c = -41 + 73. Let m = c + w. What is the units digit of m?
1
Let s(r) = r**3 - 8*r**2 - r + 7. Let v be s(8). Let q be 2 - (v - 0)*9. Suppose -k = 3*t + k - q, t = -3*k + 6. What is the units digit of t?
3
Suppose 11*w = 6*w + 20, -5*d + 283 = 2*w. Let f be 482/10 - 11/d. Suppose 7*c = 4*c + f. What is the tens digit of c?
1
Let z(m) = -m + 12. Let p = 2 - -6. Suppose -4*d - p = x, 0*d + d = 5*x - 2. What is the tens digit of z(x)?
1
Let a be -2*(-15)/(-6)*-1. Suppose 2*w - a*d + d = 16, 5*w - 3*d - 12 = 0. Suppose w = -3*r + 23 + 16. What is the units digit of r?
3
Let z(q) = 14*q - 7*q**2 - 2*q**2 - 34*q - 2*q**3 + q**3 + 9. What is the tens digit of z(-8)?
0
Suppose -5*n + 2*n + 1704 = 3*m, -2*m - 4 = 0. Suppose 4*b + 0*w - 2*w = n, -b = -w - 140. What is the tens digit of b?
4
Let a = 908 - -675. What is the thousands digit of a?
1
Suppose g + 132 = 4*g. Let b = 172 - g. Suppose -4*w + 2*w = q - 70, -4*w + 4*q = -b. What is the units digit of w?
4
Let s(k) = -k**2 - 3*k - 5. Let p(h) = -h**3 + 3*h**2 - h - 1. Let d be p(3). Let w be s(d). What is the units digit of (-8 - w) + 3*1?
4
Suppose 4*h + 3*x = -2*x + 7, 0 = 5*h + 4*x - 11. Let j be 4/(2 + (5 - 5 - 0)). What is the units digit of 2/j*(h + 9)?
2
Let h(f) = -f**2 + 4*f + 11. Suppose 0 = 4*d - 9 - 11. Let l be h(d). What is the units digit of 3/(-9) - (-38)/l?
6
Suppose -1685 = -4*o + 5*f + 994, 4*f = 5*o - 3360. What is the units digit of o?
6
Let l(h) = h**3 + 6*h**2 + 7*h + 4. Let w(y) = -y - 1. Let t be w(-9). Suppose -c - t = c. What is the units digit of l(c)?
8
Let n be (-16)/(-56) + (-44)/7. Let t(m) = m**3 + 8*m**2 + 4*m + 7. Let h be t(n). Suppose v + 1 = -3*o + h, 108 = 2*v + 5*o. What is the units digit of v?
4
Suppose 0 = 3*v - 4*d - 2614, -4*v + 3456 = 22*d - 20*d. What is the tens digit of v?
6
Let g(q) = -q**3 + 17*q**2 - 14*q - 16. Let s be g(16). Suppose -4*k = -2*k + s. Let x = 11 + k. What is the units digit of x?
3
Suppose 0 = -11*k + 13*k + 2. Let h(r) be the second derivative of -r**5/5 - r**3/3 - r**2/2 + 2*r. What is the units digit of h(k)?
5
Suppose 4*c + 2 = -2, 0 = -o + c + 478. Suppose -109 = -2*a + 4*x + o, 4*x = 5*a - 1465. What is the units digit of a?
3
Let q(z) = -7*z - 5. Let m be q(9). Let a = m + 80. What is the units digit of a?
2
Suppose 2*d = 8, -f + 3*d = 2*f - 813. What is the tens digit of f?
7
Suppose 6075 - 1051 = 16*n. What is the units digit of n?
4
Let r(j) = 3*j - 24. Let z be r(10). Suppose 7*b - 10*b = -z. What is the units digit of 960/36*3/b?
0
Let m(c) = -2*c + 3. Let n be m(-8). Suppose -25*h + 744 = -n*h. What is the hundreds digit of h?
1
What is the units digit of 2108/12*(-48)/(-8)?
4
Let o = 844 + 312. What is the thousands digit of o?
1
Suppose 0 = -6*n - 33 - 9. Let y = n + 11. Suppose -5*o = -y*h - 207, -o - 3*o + 4*h = -168. What is the units digit of o?
9
Suppose -4*m = -m, -d = -3*m + 122. Let r = d - -176. What is the units digit of r?
4
What is the tens digit of (11452/(-112))/(2/(-16))?
1
Suppose 7*q - 24*q + 7412 = 0. Suppose -r = -3*r - j + 448, q = 2*r + 4*j. What is the hundreds digit of r?
2
Let a(o) = o**2 - 13*o + 16. Let f be a(11). What is the tens digit of 3549/45 + f/(-45)?
7
What is the tens digit of (-44374)/(-55) + -1 + (-2)/(-10)?
0
Suppose -b + 8820 = 17*b. What is the tens digit of b?
9
Suppose -z + 0*z + 7 = 0. Suppose -30*u - 18 = -32*u. Suppose -2*l + z = -u. What is the units digit of l?
8
Let n(s) = s**3 - 14*s**2 - 2*s + 21. Let i be n(14). Let c = 20 - i. What is the units digit of c?
7
Suppose 4 = q + q + 3*s, 5*s = 5*q - 10. Suppose q*j - 606 = -0*j. What is the tens digit of j?
0
Let p(k) = -k**2 + 14*k + 19. Let f be p(15). Suppose -t = f*t. Suppose t*g - 3*g = s - 74, 3*g + 5*s - 94 = 0. What is the units digit of g?
3
Let h = 6983 + -4125. What is the tens digit of h?
5
Suppose 3*i + v = 9, i = -2*v + v + 3. Suppose -i*l + 11 = -d - 16, -3*l + 2*d + 24 = 0. What is the units digit of l?
0
Su